n base 4, what is -110032 - 123003?
-233101
In base 7, what is -450105 - -4312?
-442463
In base 5, what is -3312224 + 340243?
-2421431
In base 15, what is -7d81 + -2b?
-7dac
In base 13, what is 3b1cb40 + 2?
3b1cb42
In base 2, what is 10 - -101010101100001001110000?
101010101100001001110010
In base 8, what is -3150773553 + -1?
-3150773554
In base 3, what is 202 - 1111220212212?
-1111220212010
In base 3, what is -10112102012011 + 220?
-10112102011021
In base 6, what is 11 - 230015?
-230004
In base 2, what is 10011111011 + 100110101?
11000110000
In base 12, what is aaa77 + -4b?
aaa28
In base 15, what is -1a5c9350 - -1?
-1a5c934e
In base 2, what is 11001000101 - 1011101100111?
-1000100100010
In base 16, what is 5d9ee8 - 4?
5d9ee4
In base 5, what is 2103203044 - -3?
2103203102
In base 8, what is 54466 - 55167?
-501
In base 16, what is 4 + 1024e35?
1024e39
In base 4, what is 100212000233 + 0?
100212000233
In base 11, what is 544 - -1a40?
2484
In base 16, what is -14 - -17143da?
17143c6
In base 5, what is 303 - 1114412?
-1114104
In base 8, what is -2364 + 1401645?
1377261
In base 10, what is -42136 - -429?
-41707
In base 14, what is 938b143 + 5?
938b148
In base 10, what is -818 - -400418?
399600
In base 16, what is 3b + f1a58?
f1a93
In base 16, what is -3f3 + 4727a?
46e87
In base 3, what is -12 + 1000111111112211?
1000111111112122
In base 13, what is -125 - -95a09?
958b4
In base 15, what is -9 - -1a9892?
1a9888
In base 8, what is 1357 + -462256?
-460677
In base 7, what is -452 - 363244?
-364026
In base 15, what is -44e0 + 6a?
-4475
In base 14, what is 4 + -89c6050?
-89c604a
In base 10, what is -19 + -10041064?
-10041083
In base 16, what is 164945e - -5?
1649463
In base 13, what is -5508849 + 2?
-5508847
In base 14, what is -1d6 + -44a2?
-4698
In base 8, what is -2150617317 - 5?
-2150617324
In base 7, what is 1450065 - -1362?
1451460
In base 5, what is -400034100432 + -4?
-400034100441
In base 5, what is 22 - 13330121340?
-13330121313
In base 16, what is aa5417 - -6?
aa541d
In base 5, what is 21011 - 12424011?
-12403000
In base 4, what is -133 + 30123201123?
30123200330
In base 16, what is -9dc16 + 26?
-9dbf0
In base 16, what is -9 - 754f9a?
-754fa3
In base 14, what is 39 - 8898?
-885d
In base 13, what is a - 1106236?
-1106229
In base 13, what is -6c8688 - 7?
-6c8692
In base 8, what is 1025741 + -506?
1025233
In base 11, what is -13721 + -233?
-13954
In base 13, what is -c23 - -24263?
23340
In base 2, what is -1000001000110100101001101011 + -10?
-1000001000110100101001101101
In base 10, what is 9 + -4982075?
-4982066
In base 6, what is -111042434 - -53?
-111042341
In base 6, what is 3025441045 + -5?
3025441040
In base 12, what is a95 - -350?
1225
In base 2, what is 11010100100001100000011010 + -101?
11010100100001100000010101
In base 5, what is -1014131 - -140?
-1013441
In base 3, what is -10 - 2011102221201021?
-2011102221201101
In base 15, what is -3 - -abbc86?
abbc83
In base 6, what is 1 + -2213432334?
-2213432333
In base 2, what is 11111101101001110010001111 - 1110?
11111101101001110010000001
In base 8, what is -333113 - 12?
-333125
In base 12, what is -25 - b21205?
-b2122a
In base 5, what is -22 + -2012122?
-2012144
In base 14, what is -5a646b - -b?
-5a6460
In base 2, what is -10101111111011 - -11110110101?
-10010001000110
In base 16, what is -9a1 - 12c6?
-1c67
In base 10, what is -10374653 - 7?
-10374660
In base 8, what is 102 - -1307122?
1307224
In base 10, what is 63476 + 686?
64162
In base 3, what is 11212100 + -100212212?
-12000112
In base 15, what is 434bde - -2d?
434c1c
In base 4, what is 1220021 - 20103?
1133312
In base 11, what is -752951 - 2?
-752953
In base 7, what is -1 - -24110653?
24110652
In base 11, what is 34a92233 + -5?
34a92229
In base 4, what is 132103003113 + 10?
132103003123
In base 8, what is -345 + 520674?
520327
In base 11, what is 6 - -34783251?
34783257
In base 2, what is -11010 - -101100101101101101011?
101100101101101010001
In base 15, what is -41d219 + 0?
-41d219
In base 5, what is -4412444 - 300?
-4413244
In base 13, what is -1884 - -5184?
3600
In base 8, what is -4356326 - 767?
-4357315
In base 5, what is -141134440121 - -1?
-141134440120
In base 13, what is 4 + 1237581?
1237585
In base 6, what is 13 + 521030544?
521031001
In base 4, what is 12133031313 + 1330?
12133033303
In base 6, what is -50041 + 22301?
-23340
In base 12, what is -952805a + -3?
-9528061
In base 12, what is 2906 - -2a34a?
31054
In base 3, what is -220010 + -12011022121?
-12012012201
In base 16, what is 919749 + -11?
919738
In base 13, what is -2b5 + -5214?
-54c9
In base 12, what is 97193 - -100?
97293
In base 8, what is -12125344 + -6?
-12125352
In base 5, what is 11 + -3044212101?
-3044212040
In base 14, what is -6bc887 - -5?
-6bc882
In base 9, what is 1175 + 240145?
241331
In base 7, what is 35045651 + 323?
35046304
In base 5, what is -400223 + 10024?
-340144
In base 2, what is 11 - 110111011011001000101?
-110111011011001000010
In base 15, what is -6c + 2ecccb?
2ecc5e
In base 12, what is 81281 + 197?
81458
In base 15, what is -a84e9d6 - 4?
-a84e9da
In base 2, what is 1110000001101111011101000 + -101?
1110000001101111011100011
In base 10, what is -7 - -2397326?
2397319
In base 2, what is -101000111100011111 + 101?
-101000111100011010
In base 12, what is -159145 + -86?
-15920b
In base 4, what is -10112232 + 20030200?
3311302
In base 8, what is -65555 + 462?
-65073
In base 3, what is -2022210 + -1012110210?
-1021210120
In base 4, what is -20022122203 - -3?
-20022122200
In base 9, what is -5 + -11447201?
-11447206
In base 4, what is 3 + 101112231030?
101112231033
In base 6, what is 501024 - -25?
501053
In base 15, what is -5 + -378904?
-378909
In base 7, what is -3404563051 - 5?
-3404563056
In base 8, what is 3 - 14075612?
-14075607
In base 14, what is -24 + -163b41?
-163b65
In base 11, what is 121 - -930a9?
9321a
In base 7, what is -403 - 405146?
-405552
In base 15, what is -ade - -1612?
a23
In base 10, what is -5373975 + 3?
-5373972
In base 6, what is -1222 + -135540?
-141202
In base 8, what is -13 - 133342006?
-133342021
In base 13, what is 0 - -1245b16?
1245b16
In base 4, what is -1323020321011 - -3?
-1323020321002
In base 14, what is 23 - -2ac051?
2ac074
In base 6, what is 1115 + -10540225?
-10535110
In base 12, what is -1388 + 524?
-a64
In base 7, what is -2653 + 5465550?
5462564
In base 4, what is -2021231 - -3130?
-2012101
In base 12, what is -20183 - 272?
-20435
In base 8, what is -44050 - 17463?
-63533
In base 11, what is 5 + -1705265?
-1705260
In base 7, what is 403216 - 135?
403051
In base 8, what is -45053160 - 3?
-45053163
In base 12, what is 82 + -46498?
-46416
In base 4, what is 1 - -333331332203?
333331332210
In base 13, what is -764 - -880ba?
87656
In base 8, what is -3555 + -1642?
-5417
In base 15, what is -123dd - 1a1?
-1258e
In base 3, what is 10202022111 + -11121?
10202010220
In base 4, what is 111300 - 2321301?
-2210001
In base 3, what is -22101010 - -200201102?
101100022
In base 7, what is 14 + -10500443?
-10500426
In base 10, what is 51254 - -4358?
55612
In base 8, what is -21436426 - -5?
-21436421
In base 5, what is -3 + 2142243134?
2142243131
In base 13, what is 17c76 + -2b4b?
15128
In base 10, what is -2887917 - -66?
-2887851
In base 6, what is -52302110 + 215?
-52301451
In base 9, what is 4 + -8451506?
-8451502
In base 10, what is 6 + 123618?
123624
In base 2, what is 111101001011000010 + 111000?
111101001011111010
In base 14, what is -24d7c78 - -3?
-24d7c75
In base 12, what is 30 + 664635?
664665
In base 11, what is -1378198 + 8?
-1378190
In base 14, what is -49 - 32676?
-326c1
In base 11, what is -4827 - 167a?
-63a6
In base 2, what is 110 + 10110110110110100111100?
10110110110110101000010
In base 13, what is 16bcba390 - 2?
16bcba38b
In base 3, what is -12202111100120 - 12?
-12202111100202
In base 3, what is -10 + -10021102200222220?
-10021102201000000
In base 10, what is -1501488 - 146?
-1501634
In base 10, what is -16668309 - -21?
-16668288
In base 6, what is 1003425 - 53052?
510333
In base 5, what is -12 + -40220223?
-40220240
In base 15, what is -313 + -157648?
-15795b
In base 2, what is 100 - -1110101101001100001111100011?
1110101101001100001111100111
In base 2, what is 10000010100011 - -11111111?
1000011010